ose -45*g = 2584 - 559. Suppose -t + 2*t = 3*f - 153, 3*t + 470 = -2*f. Let x = g - t. List the prime factors of x.
3, 37
Suppose 10*x + 1 = 5*x + 4*d, 4*x + 2*d - 20 = 0. Suppose -5*s + 496 = -3*a, -x*s + a + 298 = -a. Let m = -45 + s. What are the prime factors of m?
53
Let s = -5 - -10. Suppose 0 = -s*x - 0*n + 5*n + 10, -n + 8 = x. Suppose 5*u - 3*u = 4*d + 22, x*u = -d + 110. List the prime factors of u.
3, 7
Let w(l) = l**3 - 10*l**2 + 23*l - 4. Let j = -40 + 47. Let q be w(j). Suppose q*u = 6*u + 792. What are the prime factors of u?
2, 3, 11
Suppose -f + 3*g + 4501 = 0, g = 344*f - 345*f + 4473. What are the prime factors of f?
2, 5, 7
Let b(q) be the first derivative of -5*q**2 - 12*q + 0*q**2 - 8 + 7*q**2. List the prime factors of b(6).
2, 3
Suppose -6*b + 0*b + 12 = 0. Suppose -3*d + 17 = b. Suppose d*j - 17*j = -1788. What are the prime factors of j?
149
Suppose -4*s = -4*x, x + 2*x - 20 = -2*s. Let c(a) = -61 + s*a + 4*a**2 + 59 - 2*a. What are the prime factors of c(1)?
2
What are the prime factors of ((-17)/136*-72)/((-1)/(-758))?
2, 3, 379
Let k(d) = -d + 32. Let q be k(21). List the prime factors of q - 7 - (-3 - -4)*-169.
173
Let f(p) = p**3 - 8*p**2 - 5*p - 15. Suppose -3*x + 4*d + 40 = 12, 0 = 2*x + 5*d - 11. Let t be 3 + 0 - (2 - x). List the prime factors of f(t).
3, 7
Suppose -15*f + 7*f + 104 = 0. Suppose -16*v + f = -19. Suppose -424 = -2*n - 0*w - v*w, 5*n - 5*w = 1100. What are the prime factors of n?
2, 3
Let q(h) = -1131*h**3 - 9*h**2 + 5*h + 2. List the prime factors of q(-3).
7, 4349
What are the prime factors of -1956*((-286)/(-165))/((-1)/5)?
2, 13, 163
Suppose 0 = 4*f - 2*n - 6, -5*f + 3 = -f - n. Suppose 5*l - 497 - 443 = f. List the prime factors of l.
2, 47
Suppose 59*o + 15 = 64*o. Let x be (-56)/(-20) - (o - 48/15). Suppose -x*b - 761 = -5*g - 5*b, 4*b = -3*g + 451. What are the prime factors of g?
3, 17
Let v = -7457 + 12053. List the prime factors of v.
2, 3, 383
Let g(l) = 141*l**2 - 191*l - 53. What are the prime factors of g(10)?
53, 229
Let r = -1213 - -1793. Let a = 60 + r. What are the prime factors of a?
2, 5
Let n(m) = -m**3 - 10*m**2 + 4*m - 7. Let b be n(-11). Let y = b - 17. Suppose -y = -5*q + 5*c + 52, 4*c - 18 = -2*q. List the prime factors of q.
17
Suppose -48*y + 44*y + s + 29 = 0, 2*s = y - 9. Let i(t) = 58*t - 18. List the prime factors of i(y).
2, 97
Suppose 4*t = -r - 0*r - 789, -1553 = 2*r + 3*t. Let k = -619 - r. What are the prime factors of k?
2, 3, 5
Let l(t) = 24*t + 5. Let v(a) = -19 + 8 + 1 - 47*a. Let y(q) = 9*l(q) + 4*v(q). List the prime factors of y(1).
3, 11
Suppose 9*y = 12*y - 69. Let b = 24 - y. Let k(s) = 80*s - 3. What are the prime factors of k(b)?
7, 11
Suppose -y - y = 56. Let t = -30 - y. What are the prime factors of 45 + (-2 - t) - (-6 - -3)?
2, 3
Let t = -6157 + 9002. What are the prime factors of t?
5, 569
Let i = 11926 + 7028. List the prime factors of i.
2, 3, 13
Suppose i = -9 - 0. Let t = 446 - 452. Let j = t - i. What are the prime factors of j?
3
What are the prime factors of 127/(-127) - (-9484 - (-1 + -2 - -2))?
2, 11, 431
What are the prime factors of 31/((-62)/56)*4644/(-21)?
2, 3, 43
Suppose -6 = 3*l - 2*h + 4*h, -3*h - 9 = 0. Suppose -13*y + 5473 = -l*y. What are the prime factors of y?
421
Suppose 35*l - 33*l = -2*n + 4888, 2*n - 10 = 0. List the prime factors of l.
3, 271
Let m(x) = -349*x**3 - 19*x**2 + 10*x + 21. List the prime factors of m(-3).
3, 13, 79
Let n = -185 + 171. What are the prime factors of (-3 - -485)*(-7)/n?
241
What are the prime factors of (-238)/((-43)/((-71036)/(-8)))?
7, 17, 59
Let n(o) = -5*o + 125. Let w be n(24). List the prime factors of -1*((-3240)/w - 0).
2, 3
Suppose 9 = 3*y, 3*n - 4*y + 1581 = -5*y. Let s be n/(-7 - 1)*(3 + -1). Let z = 212 - s. List the prime factors of z.
2, 5
Let t = 539 + 618. List the prime factors of t.
13, 89
Suppose -37*y + 32063 = -45297 - 51733. List the prime factors of y.
3, 1163
Suppose -526 = -25*w + 24. Let y = w - -471. List the prime factors of y.
17, 29
Suppose -p - 3*p = -1328. Let x be (20/8)/((15/4)/3). Suppose -i + x*g - p = -6*i, -3*i + 2*g + 196 = 0. List the prime factors of i.
2, 3, 11
Suppose 577 = -0*z + z. What are the prime factors of z/((0/(-3))/2 + 1)?
577
Suppose 0 = -5*i + 11 + 9. Suppose -2*t - 2*o + 10 = 0, 4*o - 5 = -t + 2*t. Suppose -2*q = t*q - i*c - 1077, 2*c = -2*q + 438. What are the prime factors of q?
7, 31
Let c(r) = r**3 + 15*r**2 + 11*r - 8. Let o(m) = -m**3 - 5*m**2 + 3*m + 14. Let q be o(-7). Suppose -8*y = -15*y - q. List the prime factors of c(y).
11, 17
List the prime factors of (-4)/(((-237730)/(-47545) + -5)*(14 + -16)).
2, 37, 257
Let y = -1154 - -5489. What are the prime factors of y?
3, 5, 17
Suppose -4*k + 46 = -y, -k = 5*y + 3*k + 230. Let b = y - -38. What are the prime factors of (-146)/b + (-1)/4?
2, 3
Let n = -2 - 27. Let g = -19 - n. List the prime factors of 420/11 + g/(-55).
2, 19
List the prime factors of (3 + -37)*(-156332)/88.
11, 17, 19
Suppose k + 72 = 4*f, 5*f + 0 = 2*k + 93. Suppose -8913 = -f*v + 2545. What are the prime factors of v?
2, 337
Suppose -579030 = -48*j + 721735 - 215293. What are the prime factors of j?
2, 3, 3769
Suppose -5*k + 72 = -4*p, 3*k - 30 = -2*p - 0*p. Suppose -207 = -k*v + 6273. What are the prime factors of v?
2, 3, 5
Let d(g) = -g**2 + 21. Let c be d(-4). Suppose c*a - 23*a = -16092. List the prime factors of a.
2, 3, 149
Let y = 4809 + 3621. List the prime factors of y.
2, 3, 5, 281
Let o(v) = -18*v**3 + 2*v - 4. Let j be o(-6). List the prime factors of ((-9)/18)/((-8)/j).
2, 11
Let p(g) = -2*g - 12. Let i be p(-6). Suppose -3*r + i*a + 48 = 5*a, 2*r + 5*a - 27 = 0. Let o(z) = z**2 - 21*z + 7. What are the prime factors of o(r)?
7
Let f(j) = j. Let h be (-3)/(5/(175/(-15))). Let s be f(h). Suppose 245 = s*x + 77. What are the prime factors of x?
2, 3
Suppose -p = 5*u - 2*u - 536, -1624 = -3*p - 5*u. Let q = p + -211. List the prime factors of q.
337
Suppose -721378 = -101*v + 3*v. What are the prime factors of v?
17, 433
Let y = 13 + -67. Let x = 177 + y. Suppose x = -11*a + 14*a. List the prime factors of a.
41
Let y = 883 + -877. What are the prime factors of (-348)/(-58)*281/y?
281
Suppose 4*j = 2*b + 86826, 10*b - 108592 = -5*j + 4*b. What are the prime factors of j?
2, 5, 13, 167
Suppose -8*l + 1113 - 1057 = 0. Suppose 0 = -5*c + 8 + 7, 47 = -4*s + c. Let y = l - s. What are the prime factors of y?
2, 3
Suppose 625*c - 393470 = 555*c. What are the prime factors of c?
7, 11, 73
Let b(s) = -19*s + 4. Let r be b(1). List the prime factors of 5 + (-2650)/r*3.
5, 107
Let i(t) = -t**3 - 27*t**2 - 53*t - 1108. List the prime factors of i(-27).
17, 19
Let h(j) = j**2 + 5*j + 33. Let i be h(-10). Let m = 255 - i. List the prime factors of m.
2, 43
Let s = -127799 + 184908. What are the prime factors of s?
13, 23, 191
Suppose a = -3*q + 26396, 5*a - 3 + 38 = 0. What are the prime factors of q?
13, 677
Suppose 7*r - 4*r - 6 = 0. Let l(x) = -35*x - x**r + 224 - 43*x + 80*x. List the prime factors of l(0).
2, 7
Suppose -10*z + 13*z - 54 = 0. Let l = z - 16. Suppose -l*x = -15 - 21. What are the prime factors of x?
2, 3
Let p = 11859 - -53713. What are the prime factors of p?
2, 13, 97
Let m(u) = -u**3 - 13*u**2 - 12*u + 5. Let l be m(-12). Suppose 7*b = l*b - j + 767, -2*j - 1514 = -4*b. List the prime factors of b.
3, 127
Let w(j) = -j + 22. Let v be w(16). Suppose v*z = 16 + 8. Suppose 82 = -2*x + z*x. What are the prime factors of x?
41
Suppose -2*b + 195442 = 22*c - 14*c, -5*c + 122155 = 5*b. List the prime factors of c.
2, 5, 7, 349
Let j = -30 + 268. Suppose -j*c = -228*c - 12270. List the prime factors of c.
3, 409
Suppose 0 = 2*u + 4*o - 26562, -165*u + 66394 = -160*u - o. What are the prime factors of u?
7, 271
Let p = 94 + -92. Let r be (-4)/(-2) + p*532. Suppose 5*q - 509 = -5*a + 566, -5*q + r = -4*a. What are the prime factors of q?
2, 107
Let b(d) = 130*d + 5. Let x be b(10). What are the prime factors of (184/(-69))/((-3)/x)?
2, 5, 29
Let m(g) = 28*g + 6. Suppose 0*q - 2*q - 3 = n, -5*q - 15 = 0. Suppose -5*r = 25, -o + n*r + 27 = 3*o. List the prime factors of m(o).
2, 3, 5
Let f = 1230 + 1873. Suppose 0 = -5*a + w + f, w + 1243 = a + a. List the prime factors of a.
2, 5, 31
Suppose 